.
49
Let v(s) = -s**2 + 14*s + 18. Let p be v(15). Suppose p*m - 45 = 3*d, 0*m - 3*d = m - 11. Let i = 12 + 23. Calculate the greatest common divisor of i and m.
7
Let p = -5488 - -5492. What is the highest common factor of 282 and p?
2
Let w(v) = 8 + 5*v**2 + v**2 + 3*v**2 - 8*v**2 + 9*v. Suppose 20*j + 45 = 15*j. Let o be w(j). What is the highest common divisor of 56 and o?
8
Suppose 85*t - 81*t - 152 = 0. Suppose 54 = -k - 3*l + 64, 2*l - 13 = -k. What is the greatest common divisor of k and t?
19
Let i = 9865 - 6511. Calculate the greatest common factor of 52 and i.
26
Let z be (-2)/(-2)*7 + 0. Let c(h) = -37 + 9*h + 17*h**2 + 18*h + h**3 + 15*h - 34*h. Let f be c(-16). What is the greatest common divisor of z and f?
7
Suppose 0 = -h + p - 35, 4*p + p + 63 = -2*h. Let j be (-1)/((-4 + 6)*1/h). What is the greatest common divisor of 17 and j?
17
Suppose 0*z - 25 = -b + 3*z, 0 = -3*b - 4*z + 140. Suppose 0 = 31*d + 3*d - 3669 - 1091. What is the greatest common factor of b and d?
20
Suppose 0 = 5*y, 0 = 2*t - 6*y + 2*y - 95074. What is the greatest common divisor of 7 and t?
7
Suppose -5*g = 2*a - 62, 184*g - 186*g + 5*a = -19. Calculate the highest common factor of 4968 and g.
12
Let c = -26 - 10. Let w = -34 - c. Suppose -5*j + 98 = w*k - 4*k, 0 = 3*k + 12. Calculate the highest common factor of 27 and j.
9
Suppose -92*v - 38*v + 907 = 257. Suppose -b + 380 = 3*b. What is the greatest common factor of b and v?
5
Suppose 5*n + 0*c = -c + 695, -n + 5*c = -113. Suppose -29*j - n = -27*j. Let z = j - -73. Calculate the greatest common divisor of z and 52.
4
Let u = -262 + 511. Suppose -5*c = k - u, -5*k = -4*c - 491 - 609. What is the greatest common divisor of 28 and k?
28
Suppose 72 = 2*v + v. Suppose 5*s = 3*s + 6*s. Suppose -j + 0 = 2*x - 8, s = 2*x. Calculate the greatest common factor of v and j.
8
Let u(o) = -o**3 + 46*o + 4. Let p be u(-7). Calculate the highest common factor of 925 and p.
25
Let r be ((-35)/25)/((-33)/87945). Calculate the greatest common divisor of r and 91.
91
Suppose -129*d + 133*d - 3*f - 7630 = 0, -2*d + 4*f + 3810 = 0. Calculate the highest common divisor of 138 and d.
23
Suppose 3*g + 37 + 326 = 0. Let j = g - -128. Let o(s) = s**2 + 8*s - 23. Let y be o(-13). What is the greatest common divisor of j and y?
7
Suppose 0 = -4*b - 18 + 38. Let u = 73 + 6. Let p = u + -24. What is the highest common factor of b and p?
5
Let q(d) = d**3 + 7*d**2 - 11*d - 3. Let v be q(-8). Let c = v + -10. Let z = 39 + -6. Calculate the greatest common factor of z and c.
11
Suppose 5*z = 43 + 87. Let d = 967 - 759. What is the highest common divisor of d and z?
26
Let v(h) = 59*h**2 - 95*h + 22. Let o be v(-6). What is the greatest common divisor of 970 and o?
194
Let x(m) = 4*m**2 - 64*m - 136. Let p be x(42). What is the greatest common divisor of p and 40?
8
Let m(n) = -2*n**2 + 14*n - 13. Let x be m(9). Let o = -46 - x. Suppose -3*h + 0*h - 3 = -3*y, -y + o*h = 5. What is the highest common divisor of 4 and y?
4
Let u(w) = w**2 - 82*w - 1055. Let g be u(-13). Calculate the highest common divisor of g and 220.
20
Let a(h) = -20*h - 64. Let x be a(-6). Suppose -20*y - x = -24*y. What is the greatest common divisor of y and 91?
7
Let h(p) = 5*p**2 - 2*p + 5. Let t be h(4). Let w be 165/(53 - (-36950)/(-700)). Calculate the highest common factor of t and w.
77
Let a be (-3)/(-2*3 - (3 + (-44)/5)). Calculate the highest common divisor of a and 9300.
15
Suppose 0 = -5*m + 6*g - 2*g - 8, -m + 3*g = 6. Let s be m + (-2)/(4 - (-234)/(-57)). Calculate the greatest common factor of 209 and s.
19
Let o be (45/30 - 1)*(7222 - -2). Calculate the greatest common factor of 336 and o.
84
Let d(s) = 169*s**2 + 161*s - 269. Let r be d(5). Calculate the greatest common divisor of r and 45.
9
Let c = 545 - 204. What is the greatest common factor of 88 and c?
11
Let t be ((-360)/(-14))/((-9)/(-42)). Let l(b) = -b**2 + 8*b + 165. Let u be l(0). What is the greatest common factor of t and u?
15
Let i(o) = -2*o - 16. Let k(r) = 4*r + 33. Let x(s) = 5*i(s) + 2*k(s). Let t = 142 - 159. Let a be x(t). What is the greatest common divisor of a and 160?
20
Let k(f) = 3*f**3 - 13*f**2 - f + 26. Let o be k(4). Suppose o*g - 2835 = g - 4*x, 1701 = 3*g - 3*x. What is the greatest common divisor of 54 and g?
27
Suppose 112 = 3*u + 16. Suppose 0 = -3*v - w + 480, -53 - 107 = -v - 3*w. Calculate the highest common divisor of u and v.
32
Let f = -162018 + 162026. Let s = 64 + 264. What is the greatest common factor of f and s?
8
Suppose -12*h = 49 + 11. Let q be (4/h - -1)*85. Suppose -6 + q = u. Calculate the greatest common factor of 11 and u.
11
Suppose -47*t + 275 = 9*t - 509. What is the highest common divisor of t and 98?
14
Let c(k) = 782*k**2 + 39*k - 70. Let x be c(2). What is the highest common divisor of 64 and x?
64
Suppose 8*g + 864 = 14*g. Suppose 0 = -7*a + 2*a + j - 45, 3*a = 5*j - 49. Let w be (-2 - (-4)/(-10))*60/a. Calculate the greatest common factor of g and w.
18
Suppose 4*i = n + 7333, -10*i = -8*i + 3*n - 3663. What is the highest common divisor of 273 and i?
39
Let n(x) = -9*x**3 - 134*x**2 + 6*x + 15. Let z be n(-15). Calculate the highest common divisor of z and 100.
50
Suppose 0*p = -5*a - 2*p + 2950, -5*p - 25 = 0. Let v be 3 - (-39)/(8 - 5). Calculate the highest common factor of a and v.
16
Let r(d) = d**2 + 13*d + 36. Let l be r(-10). Suppose 104 = 4*h + 3*x, l*h - 104 = 2*h + 2*x. What is the highest common factor of h and 286?
26
Suppose 3*r + 5*n - 219 = 0, 2*r - 585 = -n - 453. What is the greatest common divisor of 1737 and r?
9
Suppose 1806 = -744*n + 786*n. What is the highest common factor of 7 and n?
1
Suppose -19*k + 55 + 40 = 0. Let b be 135/12 + k/(-4). Calculate the greatest common factor of 190 and b.
10
Let q(r) = -2*r**2 + 19*r - 9. Let t be q(10). Let o(p) = -p**2 - 21*p - 37. Let z be o(t). What is the highest common factor of 3 and z?
1
Let h(v) = -2*v**3 - 7*v**2 + 137*v + 727. Let s be h(-5). Calculate the highest common divisor of s and 1144.
13
Let v be 139 - -2*(6 + -5). Suppose -4*p - 2*c = v - 1495, -p + 356 = 4*c. Let a = p - 152. Calculate the greatest common factor of a and 23.
23
Suppose -2160 = 11*b - 56*b. Calculate the highest common divisor of 1416 and b.
24
Suppose 2*r - 40 = -2*f, 35 = 4*f + 3*r - 45. What is the greatest common divisor of f and 620?
20
Let q(v) = v**3 - 12*v**2 + 19*v + 20. Let j be q(10). Suppose -6*z = -2*w - z + 130, -5*w + 3*z + 344 = 0. What is the greatest common divisor of j and w?
10
Let i be (1 + 125)*(217/21 + -10). Calculate the greatest common factor of i and 532.
14
Suppose -4*t + 16 = 0, t + 61 = 4*n - 279. Let g = n - 60. Suppose 5*f + 5 = 3*m, -2*f - f + g = 4*m. What is the highest common divisor of 1 and m?
1
Let r be (-1)/2 - (-11)/((-22)/(-735)). Suppose r + 953 = 11*s. What is the greatest common factor of 60 and s?
60
Suppose 0*r + 8 = -2*r, -2*b - 92 = 3*r. Let u = b - -43. Suppose 175 = u*a + 2*a. What is the greatest common factor of a and 5?
5
Let h(k) = 5843*k + 6. Let c be h(1). Suppose -5*y + c = 1019. Let z be 2/4 + y/12. Calculate the greatest common factor of 9 and z.
9
Suppose 0 = 5*t + 1328 - 4618. Suppose 0 = -8*j + 454 + 7 - 85. Calculate the highest common factor of t and j.
47
Let d = 9 - -19. Suppose 2203 = -10*t + 28*t + 61. What is the highest common factor of t and d?
7
Let r be (-51*4/18)/(16/(-24)). Suppose -r*n + n = -96. Calculate the greatest common divisor of n and 96.
6
Let f = 225 + -226. Let h be ((-66)/(-231))/(-2*f/70). Calculate the greatest common divisor of h and 80.
10
Let y(m) = -2*m**2 - 12*m + 4. Let w be y(-6). Suppose 5*d = 3*u - 0*u - 26, 4*u - 40 = w*d. Calculate the highest common factor of u and 78.
6
Let n = 3226 - 3180. What is the highest common factor of 1863 and n?
23
Let v(n) = n**2 + n + 2. Let b(u) = -u**3 + 4*u**2 + 3*u - 52. Let s(y) = b(y) + 4*v(y). Let c be s(8). What is the highest common divisor of c and 564?
12
Let y(w) = 129*w + 1701. Let d be y(-5). Calculate the highest common factor of 984 and d.
24
Let p = -26407 - -26455. What is the highest common divisor of 3894 and p?
6
Let k(d) = d + d**2 + 0*d**2 - 9*d + 6 + 19. Suppose -2*y = -3*g - 16, 3*y = -2*g - 0*g + 24. Let a be k(y). Calculate t